 10) + -5 + 8.
-4
What is the value of 2 - (0 - (-7 - -1 - -3))?
-1
Calculate 3 + -3 + -2 + (7 - 3).
2
What is 67 - 54 - (-2 + 12)?
3
What is (0 - -13) + -48 + 40?
5
Evaluate (8 - 6) + -3 + 5.
4
Calculate -2 - (-2 + -1) - (-6 + 5).
2
Evaluate 2 + -2 + -2 + -2.
-4
Evaluate 1 + (0 - 1) - (6 + -5).
-1
-12 + 8 - (-2 - 7)
5
Evaluate 11 + -2 - 2 - 0.
7
What is (1 - -5) + (-6 - -4) + -2?
2
(-6 - -4 - -6) + 1 + 0
5
What is -4 + (0 - 0) + 9?
5
Evaluate -1 + -7 + 5 + 0 - -2.
-1
What is the value of (-9 - -13) + -1 - 2?
1
What is the value of 2 + -1 + -27 + 25?
-1
Evaluate 20 + -20 - (-2 - (-3 + 1)).
0
What is the value of 7 - ((-3 - -1) + 11)?
-2
What is 11 - ((-8 - -7 - 4) + 9)?
7
Calculate -2 - (5 - 6) - (-7 + 1).
5
Evaluate -40 + 35 + (2 - -13).
10
Evaluate (-13 - (0 + -2)) + 6.
-5
(2 - 5) + (-1 - -1)
-3
0 - -2 - (0 + -3)
5
Calculate 0 - (5 - -1) - -3 - 1.
-4
0 - (4 - (-2 + 2))
-4
(2 - (5 + (7 - 9))) + 2
1
What is the value of 1 + (5 - 9) + (-2 - 0)?
-5
What is the value of -1 - ((-24 - -19) + 1 + 1)?
2
What is -12 - (1 + -5 + -7)?
-1
What is the value of -1 - (17 + 6 + -19)?
-5
What is (-8 - (-2 - 1)) + 1 + 2?
-2
What is 2 + -3 - (0 - -1) - 4?
-6
What is the value of 16 - (-8 + (8 - 0 - -8))?
8
What is the value of 4 + -2 + 6 + -2?
6
-1 - (9 - 13 - -4) - -1
0
Evaluate 9 + 0 + 3 - (2 + 3).
7
Evaluate 4 + -2 + 6 + -12.
-4
Calculate (7 - (2 + -2)) + -1 - 2.
4
Calculate 1 - (27 + -21 + (-6 - 0)).
1
What is 72 - 71 - (-2 + -2)?
5
What is the value of -12 + 4 - (-3 - 2)?
-3
What is the value of -6 + 11 - (1 - (-4 - -3))?
3
Calculate (3 - 6 - -6) + (0 - 1).
2
1 + 0 + (1 - (-6 + 13))
-5
What is 4 + (-3 - -2) + -3?
0
(5 - 8 - -2) + -2
-3
Calculate (2 - 3) + 6 + (-1 - -1).
5
What is 5 + -6 + (0 - -4)?
3
Calculate (9 + -17 - -6) + (6 - 0).
4
What is 1 + (6 + -9 - -1)?
-1
0 - ((10 - 10) + -1 + -4)
5
-3 + -4 + 3 + 9
5
-1 - (-9 - -2 - -4)
2
What is the value of 2 - 0 - 1 - (1 + -1)?
1
Evaluate 28 + -28 + (0 - 8 - -2).
-6
-1 - -1 - (0 + -2)
2
What is -2 + (2 - -1 - (5 + 1))?
-5
Evaluate 0 - (-1 + (8 - 6) + -4).
3
Calculate 1 + 0 - (0 - -1 - -1).
-1
Calculate 1 - 8 - (-10 - (12 + -14)).
1
What is the value of -6 + 5 + -4 + -11 + 21?
5
Evaluate (-4 - 11) + (-7 - -19).
-3
-5 - 3 - (-15 - 1) - 1
7
-1 - (5 + -2 + -2)
-2
Evaluate -1 - (1 - (0 - (-4 + 0))).
2
Evaluate -9 + 4 + -1 + (2 - -3).
-1
What is the value of -3 - (-5 + (5 - 5))?
2
What is (-3 - 0 - -3) + 1 + -2?
-1
9 + (9 - 9) + -1 + -5
3
Calculate -2 - (17 + -21 + (6 - 1)).
-3
Evaluate 9 + (-23 + 5 - -6).
-3
What is (4 - (2 + -4)) + -1?
5
What is -4 - -5 - 3 - 3?
-5
What is -2 - (-1 + -5) - (12 - 11)?
3
Evaluate (2 - 2) + -7 - (0 + 1).
-8
Evaluate 1 - (7 + -2) - (-2 + -1).
-1
Evaluate 0 - (-4 + 6) - (4 + -2).
-4
What is the value of 3 + 4 - (0 + 0 - -4)?
3
What is 4 - (5 - (-4 + 4))?
-1
What is 2 - (5 - -1 - (-22 - -24))?
-2
What is -3 + 1 - (12 + (2 - 8))?
-8
Evaluate (4 - 4) + 3 - (6 - -2).
-5
Evaluate 0 + -6 + 2 - (15 + -16).
-3
Evaluate 14 + -13 + 0 + 0 + 1.
2
What is the value of -13 - -13 - (6 + -1)?
-5
-2 + 9 + 16 + -17
6
What is the value of -1 + 2 + 2 + (1 - 4)?
0
Evaluate 0 - (-4 - -1 - 0).
3
Evaluate -5 + 4 - (2 + 3).
-6
What is the value of 0 - 5 - ((-4 - -3) + -10)?
6
(2 - (4 + 2)) + -1
-5
Evaluate -9 - -5 - (1 + -6).
1
What is 8 + -13 + (7 - 6)?
-4
Calculate (2 - 3) + 7 + -4 + -3.
-1
What is the value of -4 + 2 + 4 - 5?
-3
What is 1 + 8 + -22 + 7?
-6
Calculate 2 + 6 + (-47 - -44).
5
Calculate (9 - 1) + (-53 - -47).
2
What is the value of (1 - 16) + (-110 - -120)?
-5
2 - (-9 + 9 - (-1 - -1))
2
What is the value of (-2 - -1) + (-1 - 0) + 4?
2
Evaluate 0 + -3 + 4 + 0 + 4.
5
What is the value of (5 - -1) + -5 + -5?
-4
Calculate 2 - (-1 - -1 - (90 + -85)).
7
9 - ((3 - -4) + 0)
2
Calculate 0 - 4 - (-11 - (11 + -13)).
5
Evaluate -14 + 7 + (2 - 1 - -1).
-5
What is the value of 2 + (-3 - 3) + (31 - 33)?
-6
What is 3 + -10 + 4 + 4 + -4?
-3
Calculate -6 - -6 - (0 + 2) - -2.
0
Calculate -1 - ((7 + -4 - 2) + 0).
-2
Calculate 1 + -8 - (-5 + -1).
-1
Evaluate 4 + (-2 - (3 - 4)) - 1.
2
Evaluate -4 + 5 + -3 - -4.
2
What is (11 - 6) + (-2 + 2 - 0)?
5
6 - 3 - (7 - 1)
-3
What is the value of (-9 + -1 - -3 - 3) + -1?
-11
What is the value of -4 + -2 + 2 - (-3 + 6)?
-7
What is (-1 - -1) + 5 + (-3 - 4)?
-2
Evaluate -83 - -90 - (14 + -1).
-6
Calculate -4 + -1 - (-9 - -10).
-6
What is the value of 0 - (-4 + 3) - -1?
2
(-3 + 0 + 2 - -3) + -6
-4
What is (0 - (-4 - (-5 - 1))) + -2?
-4
What is the value of 46 + -41 - (0 + 0 - -4)?
1
What is the value of 4 - (18 + -9) - 3?
-8
Evaluate -8 - (-13 - -9 - (-1 - -1)).
-4
What is 2 - -2 - (-2 + 6)?
0
What is -3 + 1 + 1 + 5 - 5?
-1
(-3 - (4 - 5)) + -4
-6
What is the value of (2 - 3) + 0 + 4?
3
Calculate (0 - 7) + (6 + -5 - -2).
-4
What is the value of -12 + (4 - -2) + 3?
-3
Calculate -4 + -3 - (-4 + 2).
-5
(-6 - (-2 - 0)) + 6 + -2
0
What is the value of 8 + (-5 - (5 + 0 - 5))?
3
3 + -12 + (6 + -5 - -3)
-5
What is (-1 - (4 - 3)) + 8?
6
Evaluate (-18 - -14) + (6 - (0 + 0)).
2
Calculate 4 - (7 - -6 - 7).
-2
What is 12 - 6 - (-1 + (-1 - -3))?
5
Evaluate -44 + 30 - (-8 + 3).
-9
What is the value of 4 - (3 - (-1 - -4))?
4
Evaluate (-30 - -30) + 0 + (-1 - 3).
-4
What is the value of (-2 - (0 + 3)) + 3?
-2
2 + (1 - (0 - 1))
4
Calculate (-5 - (-2 + 3 + -2)) + 7.
3
What is 1 + (-5 - 0) + 1?
-3
What is 1 - (-4 - -1 - 0)?
4
What is the value of -1 + (-3 - -5) + (-1 - -1)?
1
Evaluate (-3 - -21) + -49 + 39.
8
Calculate -2 - (-2 - -1) - 1.
-2
Evaluate 10 - (17 - 14) - (19 - 2).
-10
Evaluate (-5 - -8 - 1) + 2.
4
Evaluate (25 - 20) + (-5 + -3 - 0).
-3
Calculate (-1 + 11 - 0) + -2.
8
8 + (3 - (6 - -3))
2
Calculate 9 - (-3 + 15) - -13.
10
(-2 - 0) + -1 + -1 + 7
3
What is -2 + 3 + -4 - -2?
-1
-7 + -1 + (-1 - -9)
0
Calculate 5 + -1 + 4 - (-24 + 39).
-7
What is the value of (10 + -28 - -8) + 7?
-3
(2 + 5 - 15) + (-1 - -18)
9
Evaluate (-1 - -4) + (2 - 7) - 0.
-2
Evaluate (-8 + 17 - 19) + 6.
-4
Evaluate 2 - (6 - (-5 - -4)) - 1.
-6
What is the value of 4 - (4 - -3 - 0)?
-3
Calculate 2 + (1 - -3) + 4.
10
What is the value of -3 + 6 + 2 - (0 - -4)?
1
What is the value of 0 - (0 + 1 + -3)?
2
Evaluate 5 + (-8 - 0 - 0) - -12.
9
What is the value of 1 + -10 - -3 - -10?
4
What is 8 - 4 - 7 - -4?
1
What is the value of 1 - 5 - (1 - 3 - 2)?
0
What is the value of (1 - (-11 + 4)) + -7?
1
What is 9 + -5 - 7 - 2?
-5
Evaluate 2 - -2 - -5 - 9.
0
What is -4 - (3 + -3 + (5 - 4))?
-5
What is the value of 11 - (2 + (-17 - -8) + 8)?
10
-62 + 59 - (0 + -6)
3
Evaluate 4 + -7 + -3 + 3.
-3
Evaluate -3 + (-4 - (4 - 11)).
0
Evaluate 3 - -7 - 6 - 0.
4
Calculate 21 - 18 - (1 + 1).
1
(7 - 0) + -4 - (-1 - -6)
-2
Calculate 7 + -8 - -3 - 2.
0
Calculate (-2 - 2) + (11 - 7) + -2.
-2
-7 + 12 + -14 + 1
-8
What is the value of -3 + (5 + -2 - -4)?
4
What is -5 - (-1 + -4 + (-3 - 0))?
3
What is 0 - 2 - (-7 + 10 - 8)?
3
What is the value of (71 - 68) + (1 - 6)?
-2
What is -8 + 13 + (4 - 1) + -1?
7
Calculate -4 + (8 - 2) - (5 - 1).
-2
What is (4 - (-7 + 13)) + (6 - 2)?
2
What is 0 - (0 - (-4 - -2)) - -3?
1
What is the value of -10 + 3 + (4 - 2)?
-5
Calculate 7 + (-4 - -3) + -2.
4
Evaluate -2 + -2 + (6 - 3) - 4.
-5
(-8 - 0) + (-5 - -11)
-2
Calculate 10 + 1 - (-10 - -15 - 3).
9
What is 5 + -5 + -1 + 4 + -6?
-3
What is the value of (3 - (-1 - (-6 + 2))) + 4?
4
What is the value of -4 - (14 + -10 - (4 - 0))?
-4
Evaluate 3 + 3 + -3 + -2 - 0.
1
Calculate -3 + -2 - -12 - (-1 - -14).
-6
What is the value of 6 - (18 + (2 - 8)) - 4?
-10
What is the value of (2 - 0) + (-2 - (2 + -7))?
5
Calculate -3 - (0 + -7) - (-5 + 2).
7
What is (-26 - -9) + 8 + 10?
1
What is 9 - 2 - 1 - (-75 - -78)?
3
What is -7 - -10 - (-1 - (2 - 4))?
2
What is the value of 4 - (9 - (12 + -6)) - -1?
2
Evaluate -2 + (2 - 3) - (4 + -12).
5
Evaluate (2 - (5 + -4)) + -4 + 8.
5
Evaluate -1 - (-5 + 0 + 4 - 0).
0
What is the value of (6 - (-5 - -16)) + (-1 - -3)?
-3
Evaluate 1 + -6 + -6 + 13.
2
What is the value of 0 - -1 - (-2 - (3 - 8))?
-2
-2 - (-2 + -3) - (-10 - -9)
4
-10 - (-5 - 0) - 3
-8
(4 - 8 - -2) + -1
-3
What is 204 - 192 - (0 - -4)?
8
What is 4 + -7 - (-5 - -2)?
0
Calculate 4 + ((1 - -3) + -2 - 5).
1
1 + (6 - (0 - -8))
-1
What is -2 + (0 - -4) + (-1 - 2)?
-1
1 - (-3 + (4 - 3))
3
-7 - (2 - (11 + -4 + -3))
-5
5 - (3 - -2) - -1
1
5 - (4 - (-3 + 1))
-1
Calculate 1 - (12 + -9 - -1).
-3